
Let y(k) = k**3 + 753*k**2 - 42735*k - 13699. Calculate y(-806).
3
Let i(z) = -6*z**3 - 45*z**2 - 1266*z - 7266. Calculate i(-6).
6
Let d(n) = -248*n - 524. Determine d(2).
-1020
Let f(w) = -w**3 + 3*w**2 - 31088*w + 249029. Give f(8).
5
Let l(f) = 8*f**2 + 35706*f + 142697. Calculate l(-4).
1
Let x(c) = -c**3 - 6*c**2 - 1360*c - 9615. Give x(-7).
-46
Let n(k) = 368*k + 2624. Determine n(-7).
48
Let v(c) = -6*c**2 + 251*c + 1392. What is v(-6)?
-330
Let c(x) = -x**3 - 102*x**2 + 4128*x + 616. Calculate c(-133).
-49
Let g(x) = -1581*x + 1075125. What is g(680)?
45
Let o(l) = -93*l - 2783. Determine o(-28).
-179
Let q(h) = -h**2 + 177*h - 512. Give q(3).
10
Let q(n) = 1917*n + 3363. What is q(0)?
3363
Let z(f) = f**3 + 138*f**2 - 492*f - 86162. Calculate z(-137).
11
Let n(v) = 25165*v + 301695. Determine n(-12).
-285
Let c(z) = -5092*z + 285153. Give c(56).
1
Let d(k) = k**3 - 46*k**2 - 76*k + 1005. Determine d(47).
-358
Let t(w) = 14*w**2 - 17*w - 6. Calculate t(9).
975
Let n(d) = 963*d**2 + 14441*d - 138. Determine n(-15).
-78
Let k(b) = 22324*b + 178737. Calculate k(-8).
145
Let s(p) = -p**2 + 3164*p + 269515. What is s(-83)?
14
Let a(j) = 58*j**2 + 1810*j + 71. Determine a(-31).
-301
Let o(p) = -545*p**2 + 94*p + 5215. What is o(-3)?
28
Let z(f) = 26*f**2 + 357*f + 1199. What is z(-7)?
-26
Let b(d) = -4*d**3 - 8*d**2 - 2040*d + 6191. Give b(3).
-109
Let k(g) = -g**2 + 61*g - 810. Determine k(53).
-386
Let r(f) = -f**2 - 141*f - 333. Determine r(-135).
477
Let j(z) = z**3 - 4650*z**2 - 5723270*z + 1002. Give j(-1011).
-9
Let h(f) = -20*f**2 - 5692*f + 150795. Give h(-309).
3
Let v(h) = h**2 - 88*h + 1847. Give v(44).
-89
Let w(h) = 5*h**2 - 89*h - 539. What is w(-8)?
493
Let i(s) = 2*s**3 - 23*s**2 + 726*s - 6115. Calculate i(9).
14
Let m(j) = 38736*j - 581029. What is m(15)?
11
Let a(g) = 28*g**2 - 1006*g + 4273. Give a(31).
-5
Let a(f) = -f**3 - 11*f**2 + 445*f + 4364. Determine a(-10).
-186
Let v(c) = 5771*c + 40501. Give v(-7).
104
Let w(c) = -69884*c + 5. Give w(0).
5
Let m(n) = -1475*n + 2473. What is m(2)?
-477
Let g(v) = -395*v + 48894. Calculate g(123).
309
Let g(r) = -13*r**2 - 56*r - 565. Determine g(-9).
-1114
Let w(u) = -7835*u - 31307. Give w(-4).
33
Let m(i) = -14*i**3 + 257*i**2 - 915*i + 852. Calculate m(14).
-2
Let q(x) = 3*x**3 + 39*x**2 - 29*x - 380. What is q(-13)?
-3
Let j(y) = 13*y**3 + 2*y**2 - 158*y + 457. Give j(3).
352
Let d(z) = 612359*z + 1224719. Calculate d(-2).
1
Let a(t) = -76*t - 5296. Determine a(-63).
-508
Let v(w) = -w**2 - 1175*w - 303299. Calculate v(-383).
37
Let w(r) = 18*r**2 - 50*r - 120. Calculate w(2).
-148
Let h(z) = z**3 + 108*z**2 + 262*z - 5505. Calculate h(-105).
60
Let u(a) = -12*a - 754. What is u(-40)?
-274
Let a(p) = -14*p**2 + 1531*p - 194. Determine a(109).
351
Let h(v) = -7*v**2 + 28*v + 1819. Calculate h(18).
55
Let s(o) = -20109*o**2 - 40035*o - 2. Determine s(-2).
-368
Let p(y) = -6101*y + 36222. What is p(6)?
-384
Let q(b) = -192*b**2 + 3401*b + 254. Calculate q(18).
-736
Let b(f) = 565578*f - 20360782. Determine b(36).
26
Let o(m) = -2085*m - 31272. Give o(-15).
3
Let u(k) = -k**3 - 204*k**2 - 173*k + 46671. Give u(-202).
9
Let t(g) = -69*g**2 - 848*g + 628. Determine t(-13).
-9
Let p(a) = -63*a**2 + 662*a + 341. Determine p(11).
0
Let u(v) = -v**3 + 87*v**2 + 1115*v + 54915. What is u(103)?
16
Let f(t) = -2409*t + 457915. What is f(190)?
205
Let g(x) = 15*x**2 - 1803*x - 29971. Determine g(135).
-1
Let g(v) = -50451*v - 50377. What is g(-1)?
74
Let j(y) = 184*y**2 - 5185*y + 28. Determine j(28).
-896
Let n(v) = -129*v - 46379. Calculate n(-349).
-1358
Let l(x) = -2*x**3 - 14*x**2 + 77*x + 295. Determine l(-13).
1322
Let n(a) = -a**3 - 4172*a**2 + 16682*a + 9. Give n(4).
-79
Let k(q) = -4*q**2 + 396*q - 19. What is k(-6)?
-2539
Let v(q) = -93*q - 304. Calculate v(-3).
-25
Let n(w) = 2*w**2 - 54*w - 1554. Determine n(50).
746
Let n(k) = 3*k**3 + 1339*k**2 - 40847*k + 1422. What is n(-475)?
-3
Let l(r) = 4749*r - 51272. Give l(11).
967
Let b(d) = -4339254*d - 43392537. Give b(-10).
3
Let d(g) = 38961*g + 234011. What is d(-6)?
245
Let v(r) = -15*r**2 - 1867*r - 17165. What is v(-10)?
5
Let a(y) = 4*y**2 + 102*y + 780. Give a(-10).
160
Let i(x) = 230*x - 13276. Determine i(59).
294
Let q(n) = 2*n**3 + 36*n**2 - 31*n - 84. Determine q(-19).
-217
Let d(q) = 50*q**2 - 1090*q - 112. Determine d(22).
108
Let m(b) = -2*b**3 + 11*b**2 + 14*b - 55. Give m(6).
-7
Let y(l) = 8*l**3 + 331*l**2 - 672*l + 17. Determine y(2).
61
Let m(r) = 3*r**2 + 294*r - 2652. What is m(9)?
237
Let x(w) = 6*w**3 + 19*w**2 - 79*w + 152. Calculate x(4).
524
Let d(k) = -43*k**2 - 143*k + 692. Calculate d(5).
-1098
Let a(n) = -36184*n - 325488. Determine a(-9).
168
Let r(i) = -825929*i - 7433370. What is r(-9)?
-9
Let g(d) = 2*d**2 + 281*d + 3778. Give g(-15).
13
Let d(k) = -k**3 - 1123*k**2 - 51708*k - 116099. Determine d(-1075).
1
Let h(r) = -r**2 - 7880*r - 38. Calculate h(0).
-38
Let b(v) = v**2 - 126*v - 3739. Give b(154).
573
Let a(y) = -8*y**2 + 436*y - 8814. Calculate a(19).
-3418
Let k(o) = o**3 - 64*o**2 - 123*o - 150. Calculate k(66).
444
Let d(m) = -5*m**2 + 410*m - 36. Give d(84).
-876
Let u(y) = 2*y**2 - 773*y + 44795. Determine u(71).
-6
Let n(b) = b**2 - 1821*b - 18347. Give n(-10).
-37
Let v(u) = -2*u**3 - 82*u**2 - 875*u - 1079. Give v(-23).
2
Let v(x) = -30*x**3 - 725*x**2 + 670*x + 1136. Determine v(-25).
11
Let v(c) = c**3 + 93*c**2 - 110*c - 1663. What is v(-94)?
-159
Let u(h) = -3430*h + 147542. Calculate u(43).
52
Let w(l) = -63*l**2 + 4132*l - 271. What is w(66)?
-1987
Let d(x) = -2*x**3 - 267*x**2 - 140*x - 717. Give d(-133).
214
Let k(v) = 7198*v + 5. Determine k(0).
5
Let f(l) = 94*l + 2252. Give f(-27).
-286
Let g(l) = -l**3 - 7*l**2 + 823*l + 9710. What is g(-13)?
25
Let b(h) = -h**3 + 40*h**2 + 665*h - 2157. Calculate b(52).
-25
Let x(d) = -70*d**2 - 1952*d - 13347. Calculate x(-12).
-3
Let k(w) = 80*w**2 - 3212*w + 512. Calculate k(40).
32
Let u(i) = -330*i**2 - 42*i + 108. Determine u(1).
-264
Let x(o) = -o**3 + 22*o**2 + 1441*o - 2043. Determine x(50).
7
Let o(r) = r**2 + 345*r + 8722. Give o(-26).
428
Let l(z) = -169747*z + 6789888. Give l(40).
8
Let c(i) = i**3 - 14*i**2 - 125*i + 758. Give c(-9).
20
Let h(b) = 184*b + 17553. Give h(-98).
-479
Let r(m) = 56963*m + 1196181. Determine r(-21).
-42
Let q(l) = -85*l**2 + 7949*l - 4204. Give q(93).
-112
Let f(v) = 606*v**2 + 22433*v + 399. What is f(-37)?
-8
Let c(o) = -201*o - 1697. What is c(-5)?
-692
Let q(w) = -w**3 + 19*w**2 - 738*w + 15187. What is q(20)?
27
Let h(u) = 738*u + 121049. What is h(-164)?
17
Let q(z) = -2710*z - 132758. Determine q(-49).
32
Let s(p) = -219*p - 100568. Determine s(-459).
-47
Let b(p) = -2*p**3 + 2*p**2 - 4039*p + 20216. Calculate b(5).
-179
Let m(a) = -58*a**2 + 598*a - 1790. Give m(3).
-518
Let v(l) = -42*l**2 - 568*l + 77. Determine v(-13).
363
Let j(p) = 21979*p + 571454. Give j(-26).
0
Let b(o) = 317*o**2 + 4588*o + 4587. Calculate b(-1).
316
Let g(m) = -m**3 - 1083*m**2 + 17634*m - 807. What is g(16)?
-7
Let x(g) = 7562*g - 952806. Give x(126).
6
Let y(q) = -12*q**3 + 95*q**2 - 12*q + 49. What is y(7)?
504
Let v(p) = -p**2 - 4875*p - 1703969. What is v(-379)?
15
Let j(n) = n**3 + 30*n**2 + 112*n + 63. What is j(-6)?
255
Let l(d) = -116*d**2 + 44*d + 18. What is l(0)?
18
Let c(s) = 3*s**3 - 13*s**2 + 108*s - 657. Give c(6).
171
Let n(u) = 3855*u + 77148. Determine n(-20).
48
Let o(y) = -202687*y + 1418826. What is o(7)?
17
Let l(s) = -10307*s + 61867. Give l(6).
25
Let d(p) = 2*p**3 + 161*p**2 + 828*p - 325. What is d(-75)?
-550
Let k(i) = -174778*i - 22022026. Determine k(-126).
2
Let n(v) = -111*v**2 - 3039*v - 16371. Determine n(-20).
9
Let v(l) = -l**3 - 223*l**2 + 1401*l + 6166. Determine v(-229).
-17
Let t(y) = -23*y - 308. What is t(-22)?
198
Let q(f) = 9055*f - 905523. Determine q(100).
-23
Let h(x) = x**2 + 3705*x - 22274. What is h(6)?
-8
Let y(z) = -z**3 - 309*z**2 - 312*z - 1370. What is y(-308)?
-138
Let i(l) = -688348*l**2 - 688348*l - 4. What is i(-1)?
-4
Let n(k) = -2*k**2 + 1028*k - 51427. What is n(56)?
-131
Let r(p) = 453*p - 18579. Calculate r(41).
-6
Let c(q) = 4086*q + 20438. Determine c(-5).
8
Let y(q) = 38*q**2 - 296*q - 844. Determine y(10).
-4
Let f(s) = -179*s - 1294